83c4
What is -100010110000000 (base 2) in base 7?
-102605
-4ba (base 12) to base 6
-3154
What is 2012010 (base 3) in base 14?
820
What is aa7 (base 15) in base 9?
3264
Convert -8c9 (base 13) to base 15.
-6b2
21222002 (base 3) to base 13
2849
12342 (base 5) to base 9
1300
What is 3355 (base 6) in base 9?
1068
Convert 7c81 (base 16) to base 2.
111110010000001
Convert -152 (base 7) to base 11.
-79
Convert 1002012022 (base 3) to base 16.
5324
50253 (base 7) to base 2
10111101101101
What is 100110001 (base 2) in base 15?
155
Convert -485 (base 13) to base 15.
-375
What is -4111421 (base 5) in base 10?
-66486
28377 (base 9) to base 5
1104032
What is 180 (base 10) in base 4?
2310
What is 10303 (base 5) in base 16?
2bf
Convert -9c9 (base 15) to base 16.
-8a6
-11001110100 (base 2) to base 11
-1272
Convert 164b0 (base 14) to base 2.
1101101000001010
Convert -646 (base 13) to base 6.
-4544
4de (base 15) to base 9
1462
What is -490 (base 12) in base 16?
-2ac
Convert 103 (base 6) to base 15.
29
3230221 (base 4) to base 3
202202221
Convert 10221 (base 4) to base 3.
102000
Convert -23727 (base 8) to base 14.
-3a07
-adc (base 15) to base 16
-999
Convert 4100233 (base 5) to base 15.
146e8
-1110010010 (base 2) to base 14
-494
What is -7786 (base 14) in base 15?
-61ed
Convert c6 (base 15) to base 9.
226
Convert 716 (base 9) to base 6.
2410
119a (base 12) to base 10
1990
What is -193a (base 15) in base 6?
-41131
Convert 1101111011100 (base 2) to base 5.
212012
-b10 (base 13) to base 14
-97a
Convert -3111 (base 4) to base 16.
-d5
What is 2012020 (base 3) in base 13?
960
-15422 (base 13) to base 15
-bdd5
-6d79 (base 14) to base 16
-4aaf
Convert -10102010021 (base 3) to base 7.
-366535
Convert 2a3b (base 14) to base 15.
2351
What is -56a (base 14) in base 4?
-100302
What is -10450 (base 7) in base 12?
-1634
What is 3453 (base 11) in base 12?
275b
Convert -123 (base 15) to base 8.
-402
What is 116 (base 13) in base 11?
161
101121 (base 3) to base 13
190
1656 (base 7) to base 9
833
Convert 4332 (base 5) to base 3.
210221
10100001110000 (base 2) to base 6
115532
What is 205325 (base 6) in base 15?
4e72
What is -14948 (base 10) in base 9?
-22448
What is 1022121 (base 3) in base 7?
2542
Convert -145 (base 9) to base 5.
-442
What is 2140 (base 6) in base 11?
408
Convert 1354 (base 6) to base 7.
1021
Convert 3010 (base 5) to base 12.
278
1761 (base 9) to base 7
3640
What is -4245 (base 6) in base 3?
-1022202
What is 1130 (base 7) in base 16?
19d
Convert 522 (base 13) to base 2.
1101101001
What is -121102122 (base 3) in base 16?
-2eca
15025 (base 6) to base 7
6656
What is 16db7 (base 15) in base 16?
120f4
What is -100b (base 12) in base 11?
-1341
Convert 3a97 (base 16) to base 2.
11101010010111
What is bcd5 (base 14) in base 16?
7fd3
What is 130310 (base 4) in base 10?
1844
What is 10b58 (base 12) in base 9?
33635
-785 (base 10) to base 5
-11120
-40314 (base 5) to base 9
-3481
What is 17bf (base 16) in base 10?
6079
What is 580 (base 11) in base 14?
377
What is 1248 (base 10) in base 13?
750
3304 (base 6) to base 5
11020
What is 292 (base 15) in base 4?
21023
What is -1656 (base 9) in base 8?
-2362
Convert -4b5 (base 13) to base 9.
-1115
What is 3418 (base 13) in base 5?
213123
What is -4639a (base 11) in base 3?
-10101221022
-105 (base 6) to base 15
-2b
Convert 12131311 (base 4) to base 5.
1321420
What is -220 (base 6) in base 9?
-103
What is 210 (base 9) in base 4?
2223
2c4 (base 13) to base 6
2150
What is 11000012 (base 3) in base 5?
43141
Convert 6035 (base 9) to base 4.
1010312
What is -212133 (base 5) in base 11?
-5427
What is -1152 (base 7) in base 11?
-360
1788 (base 14) to base 15
13c6
Convert -224 (base 11) to base 9.
-327
Convert -1d3 (base 15) to base 11.
-355
What is -410a1 (base 11) in base 2?
-1110101001100110
What is 108 (base 12) in base 3?
12122
What is -35540 (base 7) in base 13?
-4250
What is -2b7 (base 15) in base 5?
-4442
Convert 653 (base 15) to base 13.
85b
What is -3 (base 6) in base 5?
-3
14891 (base 12) to base 4
13003231
Convert -135013 (base 6) to base 12.
-7469
Convert 29278 (base 10) to base 3.
1111011101
What is -1200002 (base 3) in base 12?
-855
What is 781 (base 11) in base 6?
4200
Convert -353225 (base 6) to base 14.
-b1bb
What is -18b (base 12) in base 3?
-100022
Convert 1402 (base 5) to base 6.
1015
Convert 45003 (base 10) to base 2.
1010111111001011
Convert 2222221 (base 5) to base 15.
b891
15645 (base 8) to base 16
1ba5
Convert -100011101111011 (base 2) to base 13.
-8438
101404 (base 5) to base 10
3354
What is -cb (base 14) in base 10?
-179
Convert 6232 (base 13) to base 4.
3103321
Convert 3341 (base 5) to base 8.
727
Convert 2020 (base 6) to base 15.
1e9
-21225 (base 9) to base 3
-201020212
What is 13b0 (base 12) in base 10?
2292
23756 (base 8) to base 15
3067
What is -583 (base 12) in base 6?
-3443
210300 (base 7) to base 3
1211121100
What is 26372 (base 9) in base 6?
214232
-251a (base 11) to base 8
-6330
-274 (base 15) to base 11
-469
What is -122112212 (base 3) in base 11?
-9681
What is -2321331 (base 4) in base 16?
-2e7d
Convert 24446 (base 7) to base 3.
22210012
What is -6580 (base 11) in base 7?
-34206
Convert 151362 (base 7) to base 2.
111001010100010
Convert -445 (base 8) to base 12.
-205
What is -41be (base 15) in base 10?
-13904
26 (base 14) to base 5
114
Convert -11222121 (base 3) to base 4.
-320302
What is -41005 (base 7) in base 3?
-111122121
-107543 (base 8) to base 11
-25640
Convert 111011001 (base 2) to base 16.
1d9
6180 (base 9) to base 10
4527
1a03 (base 11) to base 16
9f0
Convert -20326 (base 10) to base 12.
-b91a
10010101000011 (base 2) to base 16
2543
-14724 (base 8) to base 15
-1e5c
-254 (base 7) to base 3
-12002
Convert 1200111 (base 4) to base 11.
46a5
Convert 385 (base 13) to base 16.
268
-898 (base 11) to base 10
-1075
Convert 1644 (base 9) to base 6.
5451
What is -1e8 (base 15) in base 16?
-1bb
Convert 128 (base 11) to base 16.
97
Convert -40040 (base 5) to base 9.
-3410
Convert -2174 (base 9) to base 2.
-11001000110
What is 430 (base 8) in base 3?
101101
What is -2203 (base 6) in base 12?
-363
What is 1c57 (base 14) in base 13?
247c
Convert 1120020021 (base 3) to base 10.
30787
Convert 10222100 (base 3) to base 10.
2898
Convert 370 (base 13) to base 10.
598
130020 (base 4) to base 9
2420
Convert 1013201 (base 4) to base 11.
3491
-31197 (base 12) to base 16
-fac3
Convert 9 (base 12) to base 6.
13
10012221 (base 3) to base 13
10b7
What is 12644 (base 7) in base 6?
23445
Convert -5755 (base 9) to base 2.
-1000010100110
Convert -12023122 (base 4) to base 12.
-1278a
Convert 312 (base 13) to base 8.
1012
202211212 (base 3) to base 4
3231131
What is 10a2 (base 11) in base 13?
870
What is -29c (base 14) in base 12?
-382
Convert 432 (base 7) to base 11.
18a
What is -115 (base 12) in base 3?
-12222
111001011011010 (base 2) to base 9
44288
What is -138 (base 13) in base 10?
-216
1010110001 (base 2) to base 6
3105
What is 13383 (base 10) in base 7?
54006
-1023 (base 6) to base 11
-1a0
Convert -645 (base 8) to base 10.
-421
-300 (base 9) to base 6
-1043
What is 229 (base 12) in base 6?
1253
What is 20011101 (base 3) in base 10?
4492
What is -1430 (base 7) in base 9?
-682
What is -6335 (base 13) in base 6?
-143325
Convert -428 (base 15) to base 14.
-4b0
-473c (base 13) to base 6
-114222
Convert -112000 (base 3) to base 9.
-460
What is -4343 (base 9) in base 16?
-c7e
What is -5035 (base 9) in base 15?
-1152
1251 (base 6) to base 13
1b7
ca (base 13) to base 3
20011
-b97 (base 16) to base 11
-2258
11101111111 (base 2) to base 10
1919
-136 (base 13) to base 6
-554
What is -17b (base 12) in base 7?
-461
Convert -15265 (base 8) to base 5.
-204322
Convert 4132002 (base 5) to base 13.
24ab9
12030 (base 4) to base 7
1104
Convert 672b (base 13) to base 16.
3842
Convert -123324 (base 5) to base 11.
-36aa
11110 (base 3) to base 14
88
What is -a185 (base 13) in base 16?
-56e8
Convert -51222 (base 6) to base 9.
-10265
What is -33025 (base 6) in base 7?
-16163
13120 (base 5) to base 10
1035
33314 (base 7) to base 8
20306
What is 101101111110000 (base 2) in base 8?
55760
What is 1440303 (base 5) in base 3?
1120010011
Convert 2241334 (base 5) to base 7.
225154
What is 15430 (base 6) in base 11?
19a8
Convert 322 (base 7) to base 6.
